{"id":1759,"date":"2026-01-19T11:33:43","date_gmt":"2026-01-19T10:33:43","guid":{"rendered":"https:\/\/lumahina-bien-etre.fr\/index.php\/reflexologie-perinatale\/"},"modified":"2026-01-26T15:43:12","modified_gmt":"2026-01-26T14:43:12","slug":"reflexologie-perinatale","status":"publish","type":"page","link":"https:\/\/lumahina-bien-etre.fr\/index.php\/reflexologie-perinatale\/","title":{"rendered":"R\u00e9flexologie p\u00e9rinatale"},"content":{"rendered":"<div data-colibri-id=\"1759-c1\" class=\"style-595 style-local-1759-c1 position-relative\">\n  <!---->\n  <div data-colibri-component=\"section\" data-colibri-id=\"1759-c2\" id=\"custom\" class=\"h-section h-section-global-spacing d-flex align-items-lg-center align-items-md-center align-items-center style-596 style-local-1759-c2 position-relative\">\n    <!---->\n    <!---->\n    <div class=\"h-section-grid-container h-section-boxed-container\">\n      <!---->\n      <div data-colibri-id=\"1759-c3\" class=\"h-row-container gutters-row-lg-2 gutters-row-md-2 gutters-row-0 gutters-row-v-lg-2 gutters-row-v-md-2 gutters-row-v-2 style-969 style-local-1759-c3 position-relative\">\n        <!---->\n        <div class=\"h-row justify-content-lg-center justify-content-md-center justify-content-center align-items-lg-stretch align-items-md-stretch align-items-stretch gutters-col-lg-2 gutters-col-md-2 gutters-col-0 gutters-col-v-lg-2 gutters-col-v-md-2 gutters-col-v-2\">\n          <!---->\n          <div class=\"h-column h-column-container d-flex h-col-lg-auto h-col-md-auto h-col-auto style-970-outer style-local-1759-c4-outer\">\n            <div data-colibri-id=\"1759-c4\" class=\"d-flex h-flex-basis h-column__inner h-px-lg-2 h-px-md-2 h-px-2 v-inner-lg-2 v-inner-md-2 v-inner-2 style-970 style-local-1759-c4 position-relative\">\n              <!---->\n              <!---->\n              <div class=\"w-100 h-y-container h-column__content h-column__v-align flex-basis-100 align-self-lg-start align-self-md-start align-self-start\">\n                <!---->\n                <div data-colibri-id=\"1759-c5\" class=\"h-global-transition-all h-heading style-971 style-local-1759-c5 position-relative h-element\">\n                  <!---->\n                  <div class=\"h-heading__outer style-971 style-local-1759-c5\">\n                    <!---->\n                    <!---->\n                    <h4 class=\"\">La r\u00e9flexologie p\u00e9rinatale est une approche douce et globale, con\u00e7ue pour accompagner la femme \u00e0 chaque \u00e9tape de la p\u00e9rinatalit\u00e9 : du projet b\u00e9b\u00e9 au post-partum, en passant par les inconforts, les questionnements et parfois les \u00e9preuves\n                      plus d\u00e9licates.\n                      <br>Elle repose sur un accompagnement physique, \u00e9nerg\u00e9tique et \u00e9motionnel.\n                      <br>Cette p\u00e9riode de la vie est souvent marqu\u00e9e par de profonds bouleversements : c\u2019est la naissance d\u2019un nouvel univers, mais aussi une mise en lumi\u00e8re de sa propre histoire, de son v\u00e9cu et de son identit\u00e9. Plus que jamais, la femme\n                      m\u00e9rite d\u2019\u00eatre soutenue afin de traverser sereinement l\u2019une des \u00e9tapes les plus importantes de sa vie.\n                      <br>La r\u00e9flexologie p\u00e9rinatale apporte \u00e9galement un profond rel\u00e2chement, de la d\u00e9tente et du l\u00e2cher-prise, essentiels pour une future ou jeune maman dont le corps et le mental sont fortement sollicit\u00e9s.<\/h4>\n                  <\/div>\n                <\/div>\n              <\/div>\n            <\/div>\n          <\/div>\n        <\/div>\n      <\/div>\n      <div data-colibri-id=\"1759-c6\" class=\"h-row-container gutters-row-lg-2 gutters-row-md-2 gutters-row-0 gutters-row-v-lg-2 gutters-row-v-md-2 gutters-row-v-2 style-597 style-local-1759-c6 position-relative\">\n        <!---->\n        <div class=\"h-row justify-content-lg-center justify-content-md-center justify-content-center align-items-lg-stretch align-items-md-stretch align-items-stretch gutters-col-lg-2 gutters-col-md-2 gutters-col-0 gutters-col-v-lg-2 gutters-col-v-md-2 gutters-col-v-2\">\n          <!---->\n          <div class=\"h-column h-column-container d-flex h-col-lg-auto h-col-md-auto h-col-auto style-598-outer style-local-1759-c7-outer\">\n            <div data-colibri-id=\"1759-c7\" class=\"d-flex h-flex-basis h-column__inner h-px-lg-2 h-px-md-2 h-px-2 v-inner-lg-2 v-inner-md-2 v-inner-2 style-598 style-local-1759-c7 position-relative\">\n              <!---->\n              <!---->\n              <div class=\"w-100 h-y-container h-column__content h-column__v-align flex-basis-100 align-self-lg-start align-self-md-start align-self-start\">\n                <!---->\n                <div data-colibri-id=\"1759-c8\" class=\"d-block style-600 style-local-1759-c8 position-relative h-element\">\n                  <!---->\n                  <div class=\"h-image__frame-container-outer\">\n                    <div class=\"h-image__frame-container\">\n                      <!---->\n                      <!---->\n                      <img loading=\"lazy\" decoding=\"async\" width=\"2557\" height=\"1896\" src=\"https:\/\/lumahina-bien-etre.fr\/wp-content\/uploads\/2026\/01\/cropped-IMG_20260123_111246-scaled-1.jpg\" class=\"wp-image-2266 style-600-image style-local-1759-c8-image\" alt=\"IMG 20260123\" srcset=\"https:\/\/lumahina-bien-etre.fr\/wp-content\/uploads\/2026\/01\/cropped-IMG_20260123_111246-scaled-1.jpg 2557w, https:\/\/lumahina-bien-etre.fr\/wp-content\/uploads\/2026\/01\/cropped-IMG_20260123_111246-scaled-1-300x222.jpg 300w, https:\/\/lumahina-bien-etre.fr\/wp-content\/uploads\/2026\/01\/cropped-IMG_20260123_111246-scaled-1-1024x759.jpg 1024w, https:\/\/lumahina-bien-etre.fr\/wp-content\/uploads\/2026\/01\/cropped-IMG_20260123_111246-scaled-1-768x569.jpg 768w, https:\/\/lumahina-bien-etre.fr\/wp-content\/uploads\/2026\/01\/cropped-IMG_20260123_111246-scaled-1-1536x1139.jpg 1536w, https:\/\/lumahina-bien-etre.fr\/wp-content\/uploads\/2026\/01\/cropped-IMG_20260123_111246-scaled-1-2048x1519.jpg 2048w, https:\/\/lumahina-bien-etre.fr\/wp-content\/uploads\/2026\/01\/cropped-IMG_20260123_111246-scaled-1-600x445.jpg 600w\" sizes=\"auto, (max-width: 2557px) 100vw, 2557px\" \/>\n                      <div class=\"h-image__frame h-hide-lg h-hide-md h-hide-sm style-600-frameImage style-local-1759-c8-frameImage\"><\/div>\n                    <\/div>\n                  <\/div>\n                <\/div>\n              <\/div>\n            <\/div>\n          <\/div>\n          <div class=\"h-column h-column-container d-flex h-col-lg-auto h-col-md-auto h-col-auto style-599-outer style-local-1759-c9-outer\">\n            <div data-colibri-id=\"1759-c9\" class=\"d-flex h-flex-basis h-column__inner h-px-lg-2 h-px-md-2 h-px-2 v-inner-lg-2 v-inner-md-2 v-inner-2 style-599 style-local-1759-c9 position-relative\">\n              <!---->\n              <!---->\n              <div class=\"w-100 h-y-container h-column__content h-column__v-align flex-basis-100 align-self-lg-start align-self-md-start align-self-start\">\n                <!---->\n                <div data-colibri-id=\"1759-c10\" class=\"h-global-transition-all h-heading style-972 style-local-1759-c10 position-relative h-element\">\n                  <!---->\n                  <div class=\"h-heading__outer style-972 style-local-1759-c10\">\n                    <!---->\n                    <!---->\n                    <h4 class=\"\">Les motifs fr\u00e9quents<\/h4>\n                  <\/div>\n                <\/div>\n                <div data-colibri-id=\"1759-c11\" class=\"h-text h-text-component style-601 style-local-1759-c11 position-relative h-element\">\n                  <!---->\n                  <!---->\n                  <div class=\"\">\n                    <ul>\n                      <li>Je suis en projet de grossesse (pr\u00e9parer le corps etc.)<\/li>\n                      <li>Je n\u2019arrive pas \u00e0 tomber enceinte (parcours avec et hors PMA)<\/li>\n                      <li>Je souhaite soulager naturellement les maux de la grossesse (naus\u00e9es, constipations, fatigue&#8230;)<\/li>\n                      <li>Je suis enceinte et je me sens inqui\u00e8te pour moi \/ mon b\u00e9b\u00e9 \/ mon couple \/ ma vie apr\u00e8s etc.&nbsp;<\/li>\n                      <li>J\u2019ai perdu mon b\u00e9b\u00e9 (IVG, IMG, fausse couche)<\/li>\n                      <li>Mon accouchement approche (aide \u00e0 se d\u00e9tendre, aide avant d\u00e9clenchement, etc. )<\/li>\n                      <li>Je me sens mal depuis mon accouchement (D\u00e9pression post-partum, mal dans sa peau \/mal dans sa t\u00eate \/ mal dans son r\u00f4le de maman \/ mal dans son couple etc.)<\/li>\n                    <\/ul>\n                    <p>\n                      <br>\n                    <\/p>\n                  <\/div>\n                <\/div>\n              <\/div>\n            <\/div>\n          <\/div>\n        <\/div>\n      <\/div>\n    <\/div>\n  <\/div>\n  <div data-colibri-component=\"section\" data-colibri-id=\"1759-c12\" id=\"custom-2\" class=\"h-section h-section-global-spacing d-flex align-items-lg-center align-items-md-center align-items-center style-602 style-local-1759-c12 position-relative\">\n    <!---->\n    <!---->\n    <div class=\"h-section-grid-container h-section-boxed-container\">\n      <!---->\n      <div data-colibri-id=\"1759-c13\" class=\"h-row-container gutters-row-lg-2 gutters-row-md-2 gutters-row-0 gutters-row-v-lg-2 gutters-row-v-md-2 gutters-row-v-2 style-603 style-local-1759-c13 position-relative\">\n        <!---->\n        <div class=\"h-row justify-content-lg-center justify-content-md-center justify-content-center align-items-lg-stretch align-items-md-stretch align-items-stretch gutters-col-lg-2 gutters-col-md-2 gutters-col-0 gutters-col-v-lg-2 gutters-col-v-md-2 gutters-col-v-2\">\n          <!---->\n          <div class=\"h-column h-column-container d-flex h-col-lg-auto h-col-md-auto h-col-auto style-604-outer style-local-1759-c14-outer\">\n            <div data-colibri-id=\"1759-c14\" class=\"d-flex h-flex-basis h-column__inner h-px-lg-2 h-px-md-2 h-px-2 v-inner-lg-2 v-inner-md-2 v-inner-2 style-604 style-local-1759-c14 position-relative\">\n              <!---->\n              <!---->\n              <div class=\"w-100 h-y-container h-column__content h-column__v-align flex-basis-100 align-self-lg-start align-self-md-start align-self-start\">\n                <!---->\n                <div data-colibri-id=\"1759-c15\" class=\"h-global-transition-all h-heading style-606 style-local-1759-c15 position-relative h-element\">\n                  <!---->\n                  <div class=\"h-heading__outer style-606 style-local-1759-c15\">\n                    <!---->\n                    <!---->\n                    <h4 class=\"\">D\u00e9roulement d&rsquo;une s\u00e9ance<\/h4>\n                  <\/div>\n                <\/div>\n                <div data-colibri-id=\"1759-c16\" class=\"h-text h-text-component style-607 style-local-1759-c16 position-relative h-element\">\n                  <!---->\n                  <!---->\n                  <div class=\"\">\n                    <p>La s\u00e9ance d\u00e9bute par un&nbsp;<strong>temps d\u2019\u00e9change approfondi<\/strong>&nbsp;autour de votre projet b\u00e9b\u00e9, de votre grossesse, ou de votre p\u00e9riode de post-partum. Cet entretien peut \u00e9galement amener \u00e0 explorer certains \u00e9l\u00e9ments de\n                      votre histoire personnelle ou de votre v\u00e9cu actuel. Cet \u00e9change est essentiel pour vous accompagner de mani\u00e8re juste et adapt\u00e9e, lors de cette s\u00e9ance et \u00e9ventuellement des suivantes.<\/p>\n                    <p>Vous vous installez ensuite sur la table de massage. Apr\u00e8s avoir retir\u00e9 vos chaussettes, je rel\u00e8ve l\u00e9g\u00e8rement votre pantalon afin d\u2019acc\u00e9der \u00e0 vos chevilles, voire un peu plus haut, toujours avec votre accord. Une lingette est pass\u00e9e\n                      sur vos pieds, puis un peu d\u2019huile est appliqu\u00e9e si n\u00e9cessaire avant de d\u00e9buter la s\u00e9ance de r\u00e9flexologie.<\/p>\n                    <p>Certains points peuvent \u00eatre sensibles ; il est important de me signaler toute g\u00eane afin d\u2019ajuster la pression.<\/p>\n                    <p>En fin de s\u00e9ance, vous prenez le temps n\u00e9cessaire pour vous relever en douceur et revenir pleinement \u00e0 vous. Nous terminons par un court \u00e9change pour faire le point sur vos ressentis et le d\u00e9roulement de la s\u00e9ance.<\/p>\n                  <\/div>\n                <\/div>\n              <\/div>\n            <\/div>\n          <\/div>\n          <div class=\"h-column h-column-container d-flex h-col-lg-auto h-col-md-auto h-col-auto style-605-outer style-local-1759-c17-outer\">\n            <div data-colibri-id=\"1759-c17\" class=\"d-flex h-flex-basis h-column__inner h-px-lg-2 h-px-md-2 h-px-2 v-inner-lg-2 v-inner-md-2 v-inner-2 style-605 style-local-1759-c17 position-relative\">\n              <!---->\n              <!---->\n              <div class=\"w-100 h-y-container h-column__content h-column__v-align flex-basis-100 align-self-lg-start align-self-md-start align-self-start\">\n                <!---->\n                <div data-colibri-id=\"1759-c18\" class=\"h-global-transition-all h-heading style-616 style-local-1759-c18 position-relative h-element\">\n                  <!---->\n                  <div class=\"h-heading__outer style-616 style-local-1759-c18\">\n                    <!---->\n                    <!---->\n                    <h4 class=\"\">CONTRE-INDICATIONS<\/h4>\n                  <\/div>\n                <\/div>\n                <div data-colibri-id=\"1759-c19\" class=\"h-text h-text-component style-611 style-local-1759-c19 position-relative h-element\">\n                  <!---->\n                  <!---->\n                  <div class=\"\">\n                    <ul>\n                      <li>Phl\u00e9bite ou thrombose<\/li>\n                      <li>Traumatisme r\u00e9cent au niveau des pieds si r\u00e9flexologie plantaire ou au niveau de la t\u00eate si r\u00e9flexologie cr\u00e2nienne <\/li>\n                      <li>Pr\u00e9sence de mycoses ou de verrues<\/li>\n                      <li>Grossesse \u00e0 risque (La&nbsp;<strong>grossesse physiologique<\/strong>&nbsp;n\u2019est pas une contre-indication, y compris durant le premier trimestre, mais doit imp\u00e9rativement \u00eatre signal\u00e9e avant la s\u00e9ance.)<\/li>\n                    <\/ul>\n                  <\/div>\n                <\/div>\n                <div data-colibri-id=\"1759-c20\" class=\"h-global-transition-all h-heading style-615 style-local-1759-c20 position-relative h-element\">\n                  <!---->\n                  <div class=\"h-heading__outer style-615 style-local-1759-c20\">\n                    <!---->\n                    <!---->\n                    <h4 class=\"\">Les infos en +<\/h4>\n                  <\/div>\n                <\/div>\n                <div data-colibri-id=\"1759-c21\" class=\"h-text h-text-component style-617 style-local-1759-c21 position-relative h-element\">\n                  <!---->\n                  <!---->\n                  <div class=\"\">\n                    <p>DUR\u00c9E:<\/p>\n                    <p>Le massage dure environ 50 minutes. Le cr\u00e9neau total dure environ 1h30<\/p>\n                  <\/div>\n                <\/div>\n                <div data-colibri-id=\"1759-c22\" class=\"h-text h-text-component style-618 style-local-1759-c22 position-relative h-element\">\n                  <!---->\n                  <!---->\n                  <div class=\"\">\n                    <p>TARIF: 55 euros<\/p>\n                  <\/div>\n                <\/div>\n              <\/div>\n            <\/div>\n          <\/div>\n        <\/div>\n      <\/div>\n    <\/div>\n  <\/div>\n  <div data-colibri-component=\"section\" data-colibri-id=\"1759-c23\" id=\"custom-3\" class=\"h-section h-section-global-spacing d-flex align-items-lg-center align-items-md-center align-items-center style-608 style-local-1759-c23 position-relative\">\n    <!---->\n    <!---->\n    <div class=\"h-section-grid-container h-section-boxed-container\">\n      <!---->\n      <div data-colibri-id=\"1759-c24\" class=\"h-row-container gutters-row-lg-2 gutters-row-md-2 gutters-row-0 gutters-row-v-lg-2 gutters-row-v-md-2 gutters-row-v-2 style-609 style-local-1759-c24 position-relative\">\n        <!---->\n        <div class=\"h-row justify-content-lg-center justify-content-md-center justify-content-center align-items-lg-stretch align-items-md-stretch align-items-stretch gutters-col-lg-2 gutters-col-md-2 gutters-col-0 gutters-col-v-lg-2 gutters-col-v-md-2 gutters-col-v-2\">\n          <!---->\n          <div class=\"h-column h-column-container d-flex h-col-lg-auto h-col-md-auto h-col-auto style-610-outer style-local-1759-c25-outer\">\n            <div data-colibri-id=\"1759-c25\" class=\"d-flex h-flex-basis h-column__inner h-px-lg-2 h-px-md-2 h-px-2 v-inner-lg-2 v-inner-md-2 v-inner-2 style-610 style-local-1759-c25 position-relative\">\n              <!---->\n              <!---->\n              <div class=\"w-100 h-y-container h-column__content h-column__v-align flex-basis-100 align-self-lg-start align-self-md-start align-self-start\">\n                <!---->\n                <div data-colibri-id=\"1759-c26\" class=\"h-x-container style-622 style-local-1759-c26 position-relative h-element\">\n                  <!---->\n                  <div class=\"h-x-container-inner style-dynamic-1759-c26-group style-622-spacing style-local-1759-c26-spacing\"><span class=\"h-button__outer style-624-outer style-local-1759-c27-outer d-inline-flex h-element\"><a h-use-smooth-scroll=\"true\" href=\"https:\/\/www.resalib.fr\/praticien\/95184-lucie-maillochaud-lumahina-bien-etre-reflexologue-vezeronce-curtin\"  data-colibri-id=\"1759-c27\" class=\"d-flex w-100 align-items-center h-button justify-content-lg-center justify-content-md-center justify-content-center style-624 style-local-1759-c27 position-relative\"><!----><!----> <span>Je prends rendez-vous pour une r\u00e9flexologie p\u00e9rinatale<\/span><\/a>\n                    <\/span>\n                  <\/div>\n                <\/div>\n              <\/div>\n            <\/div>\n          <\/div>\n        <\/div>\n      <\/div>\n    <\/div>\n  <\/div>\n  <div data-colibri-component=\"section\" data-colibri-id=\"1759-c28\" id=\"custom-4\" class=\"h-section h-section-global-spacing d-flex align-items-lg-center align-items-md-center align-items-center style-619 style-local-1759-c28 position-relative\">\n    <!---->\n    <!---->\n    <div class=\"h-section-grid-container h-section-boxed-container\">\n      <!---->\n      <div data-colibri-id=\"1759-c29\" class=\"h-row-container gutters-row-lg-2 gutters-row-md-2 gutters-row-0 gutters-row-v-lg-2 gutters-row-v-md-2 gutters-row-v-2 style-620 style-local-1759-c29 position-relative\">\n        <!---->\n        <div class=\"h-row justify-content-lg-center justify-content-md-center justify-content-center align-items-lg-stretch align-items-md-stretch align-items-stretch gutters-col-lg-2 gutters-col-md-2 gutters-col-0 gutters-col-v-lg-2 gutters-col-v-md-2 gutters-col-v-2\">\n          <!---->\n          <div class=\"h-column h-column-container d-flex h-col-lg-auto h-col-md-auto h-col-auto style-621-outer style-local-1759-c30-outer\">\n            <div data-colibri-id=\"1759-c30\" class=\"d-flex h-flex-basis h-column__inner h-px-lg-2 h-px-md-2 h-px-2 v-inner-lg-2 v-inner-md-2 v-inner-2 style-621 style-local-1759-c30 position-relative\">\n              <!---->\n              <!---->\n              <div class=\"w-100 h-y-container h-column__content h-column__v-align flex-basis-100 align-self-lg-start align-self-md-start align-self-start\">\n                <!---->\n                <div data-colibri-id=\"1759-c31\" class=\"h-global-transition-all h-heading style-1059 style-local-1759-c31 position-relative h-element\">\n                  <!---->\n                  <div class=\"h-heading__outer style-1059 style-local-1759-c31\">\n                    <!---->\n                    <!---->\n                    <h4 class=\"\">Qu&rsquo;est ce que la r\u00e9flexologie ?<\/h4>\n                  <\/div>\n                <\/div>\n                <div data-colibri-id=\"1759-c32\" class=\"h-text h-text-component style-1055 style-local-1759-c32 position-relative h-element\">\n                  <!---->\n                  <!---->\n                  <div class=\"\">\n                    <p><span style=\"font-weight: 400; font-size: 17px; font-family: Alegreya; color: rgb(60, 65, 84);\">La r\u00e9flexologie, pratique ancestrale, repose sur le principe que le corps est repr\u00e9sent\u00e9 sur certaines parties du corps, principalement les&nbsp;<\/span>\n                      <strong\n                        style=\"font-size: 17px; font-family: Alegreya; color: rgb(60, 65, 84);\">pieds<\/strong><span style=\"font-size: 17px; font-family: Alegreya; color: rgb(60, 65, 84); font-weight: 400;\">, ( mais aussi les mains, le cr\u00e2ne, les oreilles etc.). Chaque&nbsp;<\/span><strong style=\"font-size: 17px; font-family: Alegreya; color: rgb(60, 65, 84);\">zone r\u00e9flexe<\/strong>\n                        <span\n                          style=\"font-size: 17px; font-family: Alegreya; color: rgb(60, 65, 84); font-weight: 400;\">&nbsp;correspond \u00e0 un organe, une glande ou une fonction corporelle. Par des&nbsp;<\/span><strong style=\"font-size: 17px; font-family: Alegreya; color: rgb(60, 65, 84);\">pressions douces, pr\u00e9cises et rythm\u00e9es<\/strong><span style=\"font-size: 17px; font-family: Alegreya; color: rgb(60, 65, 84); font-weight: 400;\">, le praticien stimule ces zones afin de favoriser la d\u00e9tente et de soutenir l\u2019\u00e9quilibre global de l\u2019organisme.<\/span><\/p>\n                  <\/div>\n                <\/div>\n                <div data-colibri-id=\"1759-c33\" class=\"h-text h-text-component style-625 style-local-1759-c33 position-relative h-element\">\n                  <!---->\n                  <!---->\n                  <div class=\"\">\n                    <p><em>La r\u00e9flexologie est une pratique de bien-\u00eatre. Elle ne se substitue pas \u00e0 un avis m\u00e9dical ni \u00e0 un traitement, mais s\u2019inscrit dans une d\u00e9marche compl\u00e9mentaire.<\/em><\/p>\n                  <\/div>\n                <\/div>\n              <\/div>\n            <\/div>\n          <\/div>\n        <\/div>\n      <\/div>\n    <\/div>\n  <\/div>\n<\/div>","protected":false},"excerpt":{"rendered":"<p>La r\u00e9flexologie p\u00e9rinatale est une approche douce et globale, con\u00e7ue pour accompagner la femme \u00e0 chaque \u00e9tape de la p\u00e9rinatalit\u00e9 : du projet b\u00e9b\u00e9 au post-partum, en passant par les inconforts, les questionnements et parfois les \u00e9preuves plus d\u00e9licates. Elle repose sur un accompagnement physique, \u00e9nerg\u00e9tique et \u00e9motionnel. Cette p\u00e9riode de la vie est souvent [&hellip;]<\/p>\n","protected":false},"author":1,"featured_media":0,"parent":0,"menu_order":0,"comment_status":"closed","ping_status":"closed","template":"page-templates\/full-width-page.php","meta":{"slim_seo":{"title":"R\u00e9flexologie p\u00e9rinatale - LuMahina Bien-\u00eatre","description":"La r\u00e9flexologie p\u00e9rinatale est une approche douce et globale, con\u00e7ue pour accompagner la femme \u00e0 chaque \u00e9tape de la p\u00e9rinatalit\u00e9 : du projet b\u00e9b\u00e9 au post-partum"},"footnotes":""},"class_list":["post-1759","page","type-page","status-publish","hentry"],"_links":{"self":[{"href":"https:\/\/lumahina-bien-etre.fr\/index.php\/wp-json\/wp\/v2\/pages\/1759","targetHints":{"allow":["GET"]}}],"collection":[{"href":"https:\/\/lumahina-bien-etre.fr\/index.php\/wp-json\/wp\/v2\/pages"}],"about":[{"href":"https:\/\/lumahina-bien-etre.fr\/index.php\/wp-json\/wp\/v2\/types\/page"}],"author":[{"embeddable":true,"href":"https:\/\/lumahina-bien-etre.fr\/index.php\/wp-json\/wp\/v2\/users\/1"}],"replies":[{"embeddable":true,"href":"https:\/\/lumahina-bien-etre.fr\/index.php\/wp-json\/wp\/v2\/comments?post=1759"}],"version-history":[{"count":11,"href":"https:\/\/lumahina-bien-etre.fr\/index.php\/wp-json\/wp\/v2\/pages\/1759\/revisions"}],"predecessor-version":[{"id":2569,"href":"https:\/\/lumahina-bien-etre.fr\/index.php\/wp-json\/wp\/v2\/pages\/1759\/revisions\/2569"}],"wp:attachment":[{"href":"https:\/\/lumahina-bien-etre.fr\/index.php\/wp-json\/wp\/v2\/media?parent=1759"}],"curies":[{"name":"wp","href":"https:\/\/api.w.org\/{rel}","templated":true}]}}