{"id":1786,"date":"2026-01-19T12:20:51","date_gmt":"2026-01-19T11:20:51","guid":{"rendered":"https:\/\/lumahina-bien-etre.fr\/index.php\/tarifs\/"},"modified":"2026-01-26T15:27:25","modified_gmt":"2026-01-26T14:27:25","slug":"tarifs","status":"publish","type":"page","link":"https:\/\/lumahina-bien-etre.fr\/index.php\/tarifs\/","title":{"rendered":"Tarifs"},"content":{"rendered":"<div data-colibri-id=\"1786-c1\" class=\"style-661 style-local-1786-c1 position-relative\">\n  <!---->\n  <div data-colibri-component=\"section\" data-colibri-id=\"1786-c2\" id=\"custom\" class=\"h-section h-section-global-spacing d-flex align-items-lg-center align-items-md-center align-items-center style-662 style-local-1786-c2 position-relative\">\n    <!---->\n    <!---->\n    <div class=\"h-section-grid-container h-section-boxed-container\">\n      <!---->\n      <div data-colibri-id=\"1786-c3\" class=\"h-row-container gutters-row-lg-2 gutters-row-md-2 gutters-row-0 gutters-row-v-lg-2 gutters-row-v-md-2 gutters-row-v-2 style-711 style-local-1786-c3 position-relative\">\n        <!---->\n        <div class=\"h-row justify-content-lg-center justify-content-md-center justify-content-center align-items-lg-stretch align-items-md-stretch align-items-stretch gutters-col-lg-2 gutters-col-md-2 gutters-col-0 gutters-col-v-lg-2 gutters-col-v-md-2 gutters-col-v-2\">\n          <!---->\n          <div class=\"h-column h-column-container d-flex h-col-lg-auto h-col-md-auto h-col-auto style-712-outer style-local-1786-c4-outer\">\n            <div data-colibri-id=\"1786-c4\" class=\"d-flex h-flex-basis h-column__inner h-px-lg-2 h-px-md-2 h-px-2 v-inner-lg-2 v-inner-md-2 v-inner-2 style-712 style-local-1786-c4 position-relative\">\n              <!---->\n              <!---->\n              <div class=\"w-100 h-y-container h-column__content h-column__v-align flex-basis-100 align-self-lg-start align-self-md-start align-self-start\">\n                <!---->\n                <div data-colibri-id=\"1786-c5\" class=\"h-text h-text-component style-713 style-local-1786-c5 position-relative h-element\">\n                  <!---->\n                  <!---->\n                  <div class=\"\">\n                    <p>TARIFS 2026<\/p>\n                  <\/div>\n                <\/div>\n              <\/div>\n            <\/div>\n          <\/div>\n        <\/div>\n      <\/div>\n      <div data-colibri-id=\"1786-c6\" class=\"h-row-container gutters-row-lg-2 gutters-row-md-2 gutters-row-0 gutters-row-v-lg-2 gutters-row-v-md-2 gutters-row-v-2 style-679 style-local-1786-c6 position-relative\">\n        <!---->\n        <div class=\"h-row justify-content-lg-center justify-content-md-center justify-content-center align-items-lg-stretch align-items-md-stretch align-items-stretch gutters-col-lg-2 gutters-col-md-2 gutters-col-0 gutters-col-v-lg-2 gutters-col-v-md-2 gutters-col-v-2\">\n          <!---->\n          <div class=\"h-column h-column-container d-flex h-col-lg-auto h-col-md-auto h-col-auto style-686-outer style-local-1786-c7-outer\">\n            <div data-colibri-id=\"1786-c7\" class=\"d-flex h-flex-basis h-column__inner h-px-lg-2 h-px-md-2 h-px-2 v-inner-lg-2 v-inner-md-2 v-inner-2 style-686 style-local-1786-c7 position-relative\">\n              <!---->\n              <!---->\n              <div class=\"w-100 h-y-container h-column__content h-column__v-align flex-basis-100 align-self-lg-start align-self-md-start align-self-start\">\n                <!---->\n                <div data-colibri-id=\"1786-c8\" class=\"h-global-transition-all h-heading style-689 style-local-1786-c8 position-relative h-element\">\n                  <!---->\n                  <div class=\"h-heading__outer style-689 style-local-1786-c8\">\n                    <!---->\n                    <!---->\n                    <h4 class=\"\">R\u00e9flexologie\n                      <br>\u00ab\u00a0Bien-\u00eatre\u00a0\u00bb<\/h4>\n                  <\/div>\n                <\/div>\n                <div data-colibri-id=\"1786-c9\" class=\"h-global-transition-all h-heading style-703 style-local-1786-c9 position-relative h-element\">\n                  <!---->\n                  <div class=\"h-heading__outer style-703 style-local-1786-c9\">\n                    <!---->\n                    <!---->\n                    <h3 class=\"\">55 euros<\/h3>\n                  <\/div>\n                <\/div>\n                <div data-colibri-id=\"1786-c10\" class=\"h-text h-text-component style-690 style-local-1786-c10 position-relative h-element\">\n                  <!---->\n                  <!---->\n                  <div class=\"\">\n                    <p>Dur\u00e9e du massage: 50 min<\/p>\n                    <p>Cr\u00e9neau total: 1h20<\/p>\n                  <\/div>\n                <\/div>\n              <\/div>\n            <\/div>\n          <\/div>\n          <div class=\"h-column h-column-container d-flex h-col-lg-auto h-col-md-auto h-col-auto style-687-outer style-local-1786-c11-outer\">\n            <div data-colibri-id=\"1786-c11\" class=\"d-flex h-flex-basis h-column__inner h-px-lg-2 h-px-md-2 h-px-2 v-inner-lg-2 v-inner-md-2 v-inner-2 style-687 style-local-1786-c11 position-relative\">\n              <!---->\n              <!---->\n              <div class=\"w-100 h-y-container h-column__content h-column__v-align flex-basis-100 align-self-lg-start align-self-md-start align-self-start\">\n                <!---->\n                <div data-colibri-id=\"1786-c12\" class=\"h-global-transition-all h-heading style-691 style-local-1786-c12 position-relative h-element\">\n                  <!---->\n                  <div class=\"h-heading__outer style-691 style-local-1786-c12\">\n                    <!---->\n                    <!---->\n                    <h4 class=\"\">R\u00e9flexologie\n                      <br>\u00ab\u00a0Douleur chronique\u00a0\u00bb<\/h4>\n                  <\/div>\n                <\/div>\n                <div data-colibri-id=\"1786-c13\" class=\"h-global-transition-all h-heading style-704 style-local-1786-c13 position-relative h-element\">\n                  <!---->\n                  <div class=\"h-heading__outer style-704 style-local-1786-c13\">\n                    <!---->\n                    <!---->\n                    <h3 class=\"\">55 euros<\/h3>\n                  <\/div>\n                <\/div>\n                <div data-colibri-id=\"1786-c14\" class=\"h-text h-text-component style-692 style-local-1786-c14 position-relative h-element\">\n                  <!---->\n                  <!---->\n                  <div class=\"\">\n                    <p>Dur\u00e9e du massage: 50 min<\/p>\n                    <p>Cr\u00e9neau total: 1h30<\/p>\n                    <p>\n                      <br>\n                    <\/p>\n                  <\/div>\n                <\/div>\n              <\/div>\n            <\/div>\n          <\/div>\n          <div class=\"h-column h-column-container d-flex h-col-lg-auto h-col-md-auto h-col-auto style-680-outer style-local-1786-c15-outer\">\n            <div data-colibri-id=\"1786-c15\" class=\"d-flex h-flex-basis h-column__inner h-px-lg-2 h-px-md-2 h-px-2 v-inner-lg-2 v-inner-md-2 v-inner-2 style-680 style-local-1786-c15 position-relative\">\n              <!---->\n              <!---->\n              <div class=\"w-100 h-y-container h-column__content h-column__v-align flex-basis-100 align-self-lg-start align-self-md-start align-self-start\">\n                <!---->\n                <div data-colibri-id=\"1786-c16\" class=\"h-global-transition-all h-heading style-681 style-local-1786-c16 position-relative h-element\">\n                  <!---->\n                  <div class=\"h-heading__outer style-681 style-local-1786-c16\">\n                    <!---->\n                    <!---->\n                    <h4 class=\"\">R\u00e9flexologie\n                      <br>\u00ab\u00a0P\u00e9rinatale\u00a0\u00bb<\/h4>\n                  <\/div>\n                <\/div>\n                <div data-colibri-id=\"1786-c17\" class=\"h-global-transition-all h-heading style-705 style-local-1786-c17 position-relative h-element\">\n                  <!---->\n                  <div class=\"h-heading__outer style-705 style-local-1786-c17\">\n                    <!---->\n                    <!---->\n                    <h3 class=\"\">55 euros<\/h3>\n                  <\/div>\n                <\/div>\n                <div data-colibri-id=\"1786-c18\" class=\"h-text h-text-component style-682 style-local-1786-c18 position-relative h-element\">\n                  <!---->\n                  <!---->\n                  <div class=\"\">\n                    <p>Dur\u00e9e du massage: 50 min<\/p>\n                    <p>Cr\u00e9neau total: 1h30<\/p>\n                    <p>\n                      <br>\n                    <\/p>\n                  <\/div>\n                <\/div>\n              <\/div>\n            <\/div>\n          <\/div>\n          <div class=\"h-column h-column-container d-flex h-col-lg-auto h-col-md-auto h-col-auto style-688-outer style-local-1786-c19-outer\">\n            <div data-colibri-id=\"1786-c19\" class=\"d-flex h-flex-basis h-column__inner h-px-lg-2 h-px-md-2 h-px-2 v-inner-lg-2 v-inner-md-2 v-inner-2 style-688 style-local-1786-c19 position-relative\">\n              <!---->\n              <!---->\n              <div class=\"w-100 h-y-container h-column__content h-column__v-align flex-basis-100 align-self-lg-start align-self-md-start align-self-start\">\n                <!---->\n                <div data-colibri-id=\"1786-c20\" class=\"h-global-transition-all h-heading style-693 style-local-1786-c20 position-relative h-element\">\n                  <!---->\n                  <div class=\"h-heading__outer style-693 style-local-1786-c20\">\n                    <!---->\n                    <!---->\n                    <h4 class=\"\">Atelier\n                      <br>R\u00e9flexo-Accouchement<\/h4>\n                  <\/div>\n                <\/div>\n                <div data-colibri-id=\"1786-c21\" class=\"h-global-transition-all h-heading style-706 style-local-1786-c21 position-relative h-element\">\n                  <!---->\n                  <div class=\"h-heading__outer style-706 style-local-1786-c21\">\n                    <!---->\n                    <!---->\n                    <h3 class=\"\">45 euros<\/h3>\n                  <\/div>\n                <\/div>\n                <div data-colibri-id=\"1786-c22\" class=\"h-text h-text-component style-694 style-local-1786-c22 position-relative h-element\">\n                  <!---->\n                  <!---->\n                  <div class=\"\">\n                    <p>Cr\u00e9neau total: 1h<\/p>\n                    <p>\n                      <br>\n                    <\/p>\n                  <\/div>\n                <\/div>\n              <\/div>\n            <\/div>\n          <\/div>\n        <\/div>\n      <\/div>\n    <\/div>\n  <\/div>\n  <div data-colibri-component=\"section\" data-colibri-id=\"1786-c23\" id=\"custom-3\" class=\"h-section h-section-global-spacing d-flex align-items-lg-center align-items-md-center align-items-center style-670 style-local-1786-c23 position-relative\">\n    <!---->\n    <!---->\n    <div class=\"h-section-grid-container h-section-boxed-container\">\n      <!---->\n      <div data-colibri-id=\"1786-c24\" class=\"h-row-container gutters-row-lg-2 gutters-row-md-2 gutters-row-0 gutters-row-v-lg-2 gutters-row-v-md-2 gutters-row-v-2 style-671 style-local-1786-c24 position-relative\">\n        <!---->\n        <div class=\"h-row justify-content-lg-center justify-content-md-center justify-content-center align-items-lg-stretch align-items-md-stretch align-items-stretch gutters-col-lg-2 gutters-col-md-2 gutters-col-0 gutters-col-v-lg-2 gutters-col-v-md-2 gutters-col-v-2\">\n          <!---->\n          <div class=\"h-column h-column-container d-flex h-col-lg-auto h-col-md-auto h-col-auto style-672-outer style-local-1786-c25-outer\">\n            <div data-colibri-id=\"1786-c25\" class=\"d-flex h-flex-basis h-column__inner h-px-lg-2 h-px-md-2 h-px-2 v-inner-lg-2 v-inner-md-2 v-inner-2 style-672 style-local-1786-c25 position-relative\">\n              <!---->\n              <!---->\n              <div class=\"w-100 h-y-container h-column__content h-column__v-align flex-basis-100 align-self-lg-start align-self-md-start align-self-start\">\n                <!---->\n                <div data-colibri-id=\"1786-c26\" class=\"h-global-transition-all h-heading style-696 style-local-1786-c26 position-relative h-element\">\n                  <!---->\n                  <div class=\"h-heading__outer style-696 style-local-1786-c26\">\n                    <!---->\n                    <!---->\n                    <h4 class=\"\">Massage des jambes lourdes<\/h4>\n                  <\/div>\n                <\/div>\n                <div data-colibri-id=\"1786-c27\" class=\"h-global-transition-all h-heading style-707 style-local-1786-c27 position-relative h-element\">\n                  <!---->\n                  <div class=\"h-heading__outer style-707 style-local-1786-c27\">\n                    <!---->\n                    <!---->\n                    <h3 class=\"\">65 euros<\/h3>\n                  <\/div>\n                <\/div>\n                <div data-colibri-id=\"1786-c28\" class=\"h-text h-text-component style-697 style-local-1786-c28 position-relative h-element\">\n                  <!---->\n                  <!---->\n                  <div class=\"\">\n                    <p>\n                      <br>\n                    <\/p>\n                    <p>Dur\u00e9e du massage: 50 min<\/p>\n                    <p>Cr\u00e9neau total: 1h20<\/p>\n                    <p>\n                      <br>\n                    <\/p>\n                  <\/div>\n                <\/div>\n              <\/div>\n            <\/div>\n          <\/div>\n          <div class=\"h-column h-column-container d-flex h-col-lg-auto h-col-md-auto h-col-auto style-695-outer style-local-1786-c29-outer\">\n            <div data-colibri-id=\"1786-c29\" class=\"d-flex h-flex-basis h-column__inner h-px-lg-2 h-px-md-2 h-px-2 v-inner-lg-2 v-inner-md-2 v-inner-2 style-695 style-local-1786-c29 position-relative\">\n              <!---->\n              <!---->\n              <div class=\"w-100 h-y-container h-column__content h-column__v-align flex-basis-100 align-self-lg-start align-self-md-start align-self-start\">\n                <!---->\n                <div data-colibri-id=\"1786-c30\" class=\"h-global-transition-all h-heading style-698 style-local-1786-c30 position-relative h-element\">\n                  <!---->\n                  <div class=\"h-heading__outer style-698 style-local-1786-c30\">\n                    <!---->\n                    <!---->\n                    <h4 class=\"\">Massage m\u00e9tamorphique<\/h4>\n                  <\/div>\n                <\/div>\n                <div data-colibri-id=\"1786-c31\" class=\"h-global-transition-all h-heading style-708 style-local-1786-c31 position-relative h-element\">\n                  <!---->\n                  <div class=\"h-heading__outer style-708 style-local-1786-c31\">\n                    <!---->\n                    <!---->\n                    <h1 class=\"\">50 euros\n                      <br>\n                    <\/h1>\n                  <\/div>\n                <\/div>\n                <div data-colibri-id=\"1786-c32\" class=\"h-global-transition-all h-heading style-740 style-local-1786-c32 position-relative h-element\">\n                  <!---->\n                  <div class=\"h-heading__outer style-740 style-local-1786-c32\">\n                    <!---->\n                    <!---->\n                    <h3 class=\"\">forfait 3 s\u00e9ances: 120 euros<\/h3>\n                  <\/div>\n                <\/div>\n                <div data-colibri-id=\"1786-c33\" class=\"h-text h-text-component style-702 style-local-1786-c33 position-relative h-element\">\n                  <!---->\n                  <!---->\n                  <div class=\"\">\n                    <p>\n                      <br>\n                    <\/p>\n                    <p>Dur\u00e9e du massage: 50 min<\/p>\n                    <p>Cr\u00e9neau total: 1h20<\/p>\n                    <p>\n                      <br>\n                    <\/p>\n                  <\/div>\n                <\/div>\n              <\/div>\n            <\/div>\n          <\/div>\n        <\/div>\n      <\/div>\n      <div data-colibri-id=\"1786-c34\" class=\"h-row-container gutters-row-lg-2 gutters-row-md-2 gutters-row-0 gutters-row-v-lg-2 gutters-row-v-md-2 gutters-row-v-2 style-976 style-local-1786-c34 position-relative\">\n        <!---->\n        <div class=\"h-row justify-content-lg-center justify-content-md-center justify-content-center align-items-lg-stretch align-items-md-stretch align-items-stretch gutters-col-lg-2 gutters-col-md-2 gutters-col-0 gutters-col-v-lg-2 gutters-col-v-md-2 gutters-col-v-2\">\n          <!---->\n          <div class=\"h-column h-column-container d-flex h-col-lg-auto h-col-md-auto h-col-auto style-977-outer style-local-1786-c35-outer\">\n            <div data-colibri-id=\"1786-c35\" class=\"d-flex h-flex-basis h-column__inner h-px-lg-2 h-px-md-2 h-px-2 v-inner-lg-2 v-inner-md-2 v-inner-2 style-977 style-local-1786-c35 position-relative\">\n              <!---->\n              <!---->\n              <div class=\"w-100 h-y-container h-column__content h-column__v-align flex-basis-100 align-self-lg-start align-self-md-start align-self-start\">\n                <!---->\n                <div data-colibri-id=\"1786-c36\" class=\"h-text h-text-component style-978 style-local-1786-c36 position-relative h-element\">\n                  <!---->\n                  <!---->\n                  <div class=\"\">\n                    <p>MOYENS DE PAIEMENT: CB, esp\u00e8ces, carte cadeau LuMahina bien-\u00eatre<\/p>\n                  <\/div>\n                <\/div>\n              <\/div>\n            <\/div>\n          <\/div>\n        <\/div>\n      <\/div>\n      <div data-colibri-id=\"1786-c37\" class=\"h-row-container gutters-row-lg-2 gutters-row-md-2 gutters-row-0 gutters-row-v-lg-2 gutters-row-v-md-2 gutters-row-v-2 style-743 style-local-1786-c37 position-relative\">\n        <!---->\n        <div class=\"h-row justify-content-lg-center justify-content-md-center justify-content-center align-items-lg-stretch align-items-md-stretch align-items-stretch gutters-col-lg-2 gutters-col-md-2 gutters-col-0 gutters-col-v-lg-2 gutters-col-v-md-2 gutters-col-v-2\">\n          <!---->\n          <div class=\"h-column h-column-container d-flex h-col-lg-auto h-col-md-auto h-col-auto style-744-outer style-local-1786-c38-outer\">\n            <div data-colibri-id=\"1786-c38\" class=\"d-flex h-flex-basis h-column__inner h-px-lg-2 h-px-md-2 h-px-2 v-inner-lg-2 v-inner-md-2 v-inner-2 style-744 style-local-1786-c38 position-relative\">\n              <!---->\n              <!---->\n              <div class=\"w-100 h-y-container h-column__content h-column__v-align flex-basis-100 align-self-lg-start align-self-md-start align-self-start\">\n                <!---->\n                <div data-colibri-id=\"1786-c39\" class=\"h-x-container style-741 style-local-1786-c39 position-relative h-element\">\n                  <!---->\n                  <div class=\"h-x-container-inner style-dynamic-1786-c39-group style-741-spacing style-local-1786-c39-spacing\"><span class=\"h-button__outer style-742-outer style-local-1786-c40-outer d-inline-flex h-element\"><a h-use-smooth-scroll=\"true\" href=\"https:\/\/www.resalib.fr\/praticien\/95184-lucie-maillochaud-lumahina-bien-etre-reflexologue-vezeronce-curtin\"  data-colibri-id=\"1786-c40\" class=\"d-flex w-100 align-items-center h-button justify-content-lg-center justify-content-md-center justify-content-center style-742 style-local-1786-c40 position-relative\"><!----><!----> <span>PRENDRE RDV<\/span><\/a>\n                    <\/span>\n                  <\/div>\n                <\/div>\n              <\/div>\n            <\/div>\n          <\/div>\n        <\/div>\n      <\/div>\n    <\/div>\n  <\/div>\n  <div data-colibri-component=\"section\" data-colibri-id=\"1786-c41\" id=\"custom-2\" class=\"h-section h-section-global-spacing d-flex align-items-lg-center align-items-md-center align-items-center style-973 style-local-1786-c41 position-relative\">\n    <!---->\n    <!---->\n    <div class=\"h-section-grid-container h-section-boxed-container\">\n      <!---->\n      <div data-colibri-id=\"1786-c42\" class=\"h-row-container gutters-row-lg-2 gutters-row-md-2 gutters-row-0 gutters-row-v-lg-2 gutters-row-v-md-2 gutters-row-v-2 style-974 style-local-1786-c42 position-relative\">\n        <!---->\n        <div class=\"h-row justify-content-lg-center justify-content-md-center justify-content-center align-items-lg-stretch align-items-md-stretch align-items-stretch gutters-col-lg-2 gutters-col-md-2 gutters-col-0 gutters-col-v-lg-2 gutters-col-v-md-2 gutters-col-v-2\">\n          <!---->\n          <div class=\"h-column h-column-container d-flex h-col-lg-auto h-col-md-auto h-col-auto style-975-outer style-local-1786-c43-outer\">\n            <div data-colibri-id=\"1786-c43\" class=\"d-flex h-flex-basis h-column__inner h-ui-empty-state-container h-px-lg-2 h-px-md-2 h-px-2 v-inner-lg-2 v-inner-md-2 v-inner-2 style-975 style-local-1786-c43 position-relative\">\n              <!---->\n              <!---->\n              <div class=\"w-100 h-y-container h-column__content h-column__v-align flex-basis-100\">\n                <!---->\n              <\/div>\n            <\/div>\n          <\/div>\n        <\/div>\n      <\/div>\n    <\/div>\n  <\/div>\n<\/div>","protected":false},"excerpt":{"rendered":"<p>TARIFS 2026 R\u00e9flexologie \u00ab\u00a0Bien-\u00eatre\u00a0\u00bb 55 euros Dur\u00e9e du massage: 50 min Cr\u00e9neau total: 1h20 R\u00e9flexologie \u00ab\u00a0Douleur chronique\u00a0\u00bb 55 euros Dur\u00e9e du massage: 50 min Cr\u00e9neau total: 1h30 R\u00e9flexologie \u00ab\u00a0P\u00e9rinatale\u00a0\u00bb 55 euros Dur\u00e9e du massage: 50 min Cr\u00e9neau total: 1h30 Atelier R\u00e9flexo-Accouchement 45 euros Cr\u00e9neau total: 1h Massage des jambes lourdes 65 euros Dur\u00e9e du massage: [&hellip;]<\/p>\n","protected":false},"author":1,"featured_media":0,"parent":0,"menu_order":0,"comment_status":"closed","ping_status":"closed","template":"page-templates\/full-width-page.php","meta":{"slim_seo":{"title":"Tarifs - LuMahina Bien-\u00eatre","description":"TARIFS 2026 R\u00e9flexologie \"Bien-\u00eatre\" 55 euros Dur\u00e9e du massage: 50 min Cr\u00e9neau total: 1h20 R\u00e9flexologie \"Douleur chronique\" 55 euros Dur\u00e9e du massage: 50 min Cr"},"footnotes":""},"class_list":["post-1786","page","type-page","status-publish","hentry"],"_links":{"self":[{"href":"https:\/\/lumahina-bien-etre.fr\/index.php\/wp-json\/wp\/v2\/pages\/1786","targetHints":{"allow":["GET"]}}],"collection":[{"href":"https:\/\/lumahina-bien-etre.fr\/index.php\/wp-json\/wp\/v2\/pages"}],"about":[{"href":"https:\/\/lumahina-bien-etre.fr\/index.php\/wp-json\/wp\/v2\/types\/page"}],"author":[{"embeddable":true,"href":"https:\/\/lumahina-bien-etre.fr\/index.php\/wp-json\/wp\/v2\/users\/1"}],"replies":[{"embeddable":true,"href":"https:\/\/lumahina-bien-etre.fr\/index.php\/wp-json\/wp\/v2\/comments?post=1786"}],"version-history":[{"count":5,"href":"https:\/\/lumahina-bien-etre.fr\/index.php\/wp-json\/wp\/v2\/pages\/1786\/revisions"}],"predecessor-version":[{"id":2523,"href":"https:\/\/lumahina-bien-etre.fr\/index.php\/wp-json\/wp\/v2\/pages\/1786\/revisions\/2523"}],"wp:attachment":[{"href":"https:\/\/lumahina-bien-etre.fr\/index.php\/wp-json\/wp\/v2\/media?parent=1786"}],"curies":[{"name":"wp","href":"https:\/\/api.w.org\/{rel}","templated":true}]}}