{"id":1845,"date":"2026-01-19T14:08:18","date_gmt":"2026-01-19T13:08:18","guid":{"rendered":"https:\/\/lumahina-bien-etre.fr\/index.php\/mentions-legales\/"},"modified":"2026-01-26T15:25:32","modified_gmt":"2026-01-26T14:25:32","slug":"mentions-legales","status":"publish","type":"page","link":"https:\/\/lumahina-bien-etre.fr\/index.php\/mentions-legales\/","title":{"rendered":"Mentions l\u00e9gales"},"content":{"rendered":"<div data-colibri-id=\"1845-c1\" class=\"style-1072 style-local-1845-c1 position-relative\">\n  <!---->\n  <div data-colibri-component=\"section\" data-colibri-id=\"1845-c2\" id=\"custom\" class=\"h-section h-section-global-spacing d-flex align-items-lg-center align-items-md-center align-items-center style-1073 style-local-1845-c2 position-relative\">\n    <!---->\n    <!---->\n    <div class=\"h-section-grid-container h-section-boxed-container\">\n      <!---->\n      <div data-colibri-id=\"1845-c3\" class=\"h-row-container gutters-row-lg-2 gutters-row-md-2 gutters-row-0 gutters-row-v-lg-2 gutters-row-v-md-2 gutters-row-v-2 style-1074 style-local-1845-c3 position-relative\">\n        <!---->\n        <div class=\"h-row justify-content-lg-center justify-content-md-center justify-content-center align-items-lg-stretch align-items-md-stretch align-items-stretch gutters-col-lg-2 gutters-col-md-2 gutters-col-0 gutters-col-v-lg-2 gutters-col-v-md-2 gutters-col-v-2\">\n          <!---->\n          <div class=\"h-column h-column-container d-flex h-col-lg-auto h-col-md-auto h-col-auto style-1080-outer style-local-1845-c9-outer\">\n            <div data-colibri-id=\"1845-c9\" class=\"d-flex h-flex-basis h-column__inner h-px-lg-2 h-px-md-2 h-px-2 v-inner-lg-2 v-inner-md-2 v-inner-2 style-1080 style-local-1845-c9 position-relative\">\n              <!---->\n              <!---->\n              <div class=\"w-100 h-y-container h-column__content h-column__v-align flex-basis-100 align-self-lg-start align-self-md-start align-self-start\">\n                <!---->\n                <div data-colibri-id=\"1845-c10\" class=\"h-text h-text-component style-1081 style-local-1845-c10 position-relative h-element\">\n                  <!---->\n                  <!---->\n                  <div class=\"\">\n                    <h3>CGV &amp; RGPD<\/h3>\n                    <p>Les <strong>Conditions G\u00e9n\u00e9rales de Vente (CGV)<\/strong> servent \u00e0 d\u00e9finir clairement le fonctionnement des prestations (rendez-vous, paiement, annulation), afin d\u2019assurer une relation transparente et sereine.<\/p>\n                    <p>La <strong>r\u00e9glementation RGPD<\/strong> garantit la protection et la confidentialit\u00e9 de vos donn\u00e9es personnelles. Les informations recueillies sont utilis\u00e9es uniquement dans le cadre de l\u2019accompagnement et ne sont jamais transmises\n                      \u00e0 des tiers.<\/p>\n                    <p>Ces engagements ont pour objectif de <strong>respecter vos droits<\/strong>, de prot\u00e9ger votre vie priv\u00e9e et de vous offrir un cadre professionnel s\u00e9curis\u00e9.<\/p>\n                  <\/div>\n                <\/div>\n                <div data-colibri-id=\"1845-c5\" class=\"h-x-container style-1076 style-local-1845-c5 position-relative h-element\">\n                  <!---->\n                  <div class=\"h-x-container-inner style-dynamic-1845-c5-group style-1076-spacing style-local-1845-c5-spacing\"><span class=\"h-button__outer style-1077-outer style-local-1845-c6-outer d-inline-flex h-element\"><a h-use-smooth-scroll=\"true\" href=\"https:\/\/lumahina-bien-etre.fr\/index.php\/cgv-2\/?customize_changeset_uuid=113dbdb7-1cef-4773-b43e-f20d60fde9f8\"  data-colibri-id=\"1845-c6\" class=\"d-flex w-100 align-items-center h-button justify-content-lg-center justify-content-md-center justify-content-center style-1077 style-local-1845-c6 position-relative\"><!----><!----> <span>Conditions G\u00e9n\u00e9rales de Vente<\/span><\/a>\n                    <\/span><span class=\"h-button__outer style-1079-outer style-local-1845-c8-outer d-inline-flex h-element\"><a h-use-smooth-scroll=\"true\" href=\"https:\/\/lumahina-bien-etre.fr\/index.php\/politique-de-confidentialite-rgpd\/?customize_changeset_uuid=113dbdb7-1cef-4773-b43e-f20d60fde9f8\"  data-colibri-id=\"1845-c8\" class=\"d-flex w-100 align-items-center h-button justify-content-lg-center justify-content-md-center justify-content-center style-1079 style-local-1845-c8 position-relative\"><!----><!----> <span>Politique de confidentialit\u00e9 \u2013 RGPD<\/span><\/a>\n                    <\/span>\n                  <\/div>\n                <\/div>\n              <\/div>\n            <\/div>\n          <\/div>\n        <\/div>\n      <\/div>\n    <\/div>\n  <\/div>\n<\/div>","protected":false},"excerpt":{"rendered":"<p>CGV &amp; RGPD Les Conditions G\u00e9n\u00e9rales de Vente (CGV) servent \u00e0 d\u00e9finir clairement le fonctionnement des prestations (rendez-vous, paiement, annulation), afin d\u2019assurer une relation transparente et sereine. La r\u00e9glementation RGPD garantit la protection et la confidentialit\u00e9 de vos donn\u00e9es personnelles. Les informations recueillies sont utilis\u00e9es uniquement dans le cadre de l\u2019accompagnement et ne sont jamais [&hellip;]<\/p>\n","protected":false},"author":1,"featured_media":0,"parent":0,"menu_order":0,"comment_status":"closed","ping_status":"closed","template":"page-templates\/full-width-page.php","meta":{"slim_seo":{"title":"Mentions l\u00e9gales - LuMahina Bien-\u00eatre","description":"CGV &amp; RGPD Les Conditions G\u00e9n\u00e9rales de Vente (CGV) servent \u00e0 d\u00e9finir clairement le fonctionnement des prestations (rendez-vous, paiement, annulation), afin"},"footnotes":""},"class_list":["post-1845","page","type-page","status-publish","hentry"],"_links":{"self":[{"href":"https:\/\/lumahina-bien-etre.fr\/index.php\/wp-json\/wp\/v2\/pages\/1845","targetHints":{"allow":["GET"]}}],"collection":[{"href":"https:\/\/lumahina-bien-etre.fr\/index.php\/wp-json\/wp\/v2\/pages"}],"about":[{"href":"https:\/\/lumahina-bien-etre.fr\/index.php\/wp-json\/wp\/v2\/types\/page"}],"author":[{"embeddable":true,"href":"https:\/\/lumahina-bien-etre.fr\/index.php\/wp-json\/wp\/v2\/users\/1"}],"replies":[{"embeddable":true,"href":"https:\/\/lumahina-bien-etre.fr\/index.php\/wp-json\/wp\/v2\/comments?post=1845"}],"version-history":[{"count":1,"href":"https:\/\/lumahina-bien-etre.fr\/index.php\/wp-json\/wp\/v2\/pages\/1845\/revisions"}],"predecessor-version":[{"id":2516,"href":"https:\/\/lumahina-bien-etre.fr\/index.php\/wp-json\/wp\/v2\/pages\/1845\/revisions\/2516"}],"wp:attachment":[{"href":"https:\/\/lumahina-bien-etre.fr\/index.php\/wp-json\/wp\/v2\/media?parent=1845"}],"curies":[{"name":"wp","href":"https:\/\/api.w.org\/{rel}","templated":true}]}}