{"id":1877,"date":"2026-01-19T15:07:34","date_gmt":"2026-01-19T14:07:34","guid":{"rendered":"https:\/\/lumahina-bien-etre.fr\/index.php\/massage-metamorphique\/"},"modified":"2026-01-28T14:29:54","modified_gmt":"2026-01-28T13:29:54","slug":"massage-metamorphique","status":"publish","type":"page","link":"https:\/\/lumahina-bien-etre.fr\/index.php\/massage-metamorphique\/","title":{"rendered":"Massage m\u00e9tamorphique"},"content":{"rendered":"<div data-colibri-id=\"1877-c1\" class=\"style-766 style-local-1877-c1 position-relative\">\n  <!---->\n  <div data-colibri-component=\"section\" data-colibri-id=\"1877-c2\" id=\"custom-2\" class=\"h-section h-section-global-spacing d-flex align-items-lg-center align-items-md-center align-items-center style-772 style-local-1877-c2 position-relative\">\n    <!---->\n    <!---->\n    <div class=\"h-section-grid-container h-section-boxed-container\">\n      <!---->\n      <div data-colibri-id=\"1877-c3\" class=\"h-row-container gutters-row-lg-2 gutters-row-md-2 gutters-row-0 gutters-row-v-lg-2 gutters-row-v-md-2 gutters-row-v-2 style-773 style-local-1877-c3 position-relative\">\n        <!---->\n        <div class=\"h-row justify-content-lg-center justify-content-md-center justify-content-center align-items-lg-stretch align-items-md-stretch align-items-stretch gutters-col-lg-2 gutters-col-md-2 gutters-col-0 gutters-col-v-lg-2 gutters-col-v-md-2 gutters-col-v-2\">\n          <!---->\n          <div class=\"h-column h-column-container d-flex h-col-lg-auto h-col-md-auto h-col-auto style-774-outer style-local-1877-c4-outer\">\n            <div data-colibri-id=\"1877-c4\" class=\"d-flex h-flex-basis h-column__inner h-px-lg-2 h-px-md-2 h-px-2 v-inner-lg-2 v-inner-md-2 v-inner-2 style-774 style-local-1877-c4 position-relative\">\n              <!---->\n              <!---->\n              <div class=\"w-100 h-y-container h-column__content h-column__v-align flex-basis-100 align-self-lg-start align-self-md-start align-self-start\">\n                <!---->\n                <div data-colibri-id=\"1877-c5\" class=\"d-block style-777 style-local-1877-c5 position-relative h-element\">\n                  <!---->\n                  <div class=\"h-image__frame-container-outer\">\n                    <div class=\"h-image__frame-container\">\n                      <!---->\n                      <!---->\n                      <img loading=\"lazy\" decoding=\"async\" width=\"1536\" height=\"1024\" src=\"https:\/\/lumahina-bien-etre.fr\/wp-content\/uploads\/2026\/01\/6e0d68ed-8c4a-4f41-9ca8-a55c51bb7a3d.png\" class=\"wp-image-2257 style-777-image style-local-1877-c5-image\" alt=\"6e0d68ed 8c4a 4f41 9ca8 a55c51bb7a3d\" srcset=\"https:\/\/lumahina-bien-etre.fr\/wp-content\/uploads\/2026\/01\/6e0d68ed-8c4a-4f41-9ca8-a55c51bb7a3d.png 1536w, https:\/\/lumahina-bien-etre.fr\/wp-content\/uploads\/2026\/01\/6e0d68ed-8c4a-4f41-9ca8-a55c51bb7a3d-300x200.png 300w, https:\/\/lumahina-bien-etre.fr\/wp-content\/uploads\/2026\/01\/6e0d68ed-8c4a-4f41-9ca8-a55c51bb7a3d-1024x683.png 1024w, https:\/\/lumahina-bien-etre.fr\/wp-content\/uploads\/2026\/01\/6e0d68ed-8c4a-4f41-9ca8-a55c51bb7a3d-768x512.png 768w, https:\/\/lumahina-bien-etre.fr\/wp-content\/uploads\/2026\/01\/6e0d68ed-8c4a-4f41-9ca8-a55c51bb7a3d-600x400.png 600w\" sizes=\"auto, (max-width: 1536px) 100vw, 1536px\" \/>\n                      <div class=\"h-image__frame h-hide-lg h-hide-md h-hide-sm style-777-frameImage style-local-1877-c5-frameImage\"><\/div>\n                    <\/div>\n                  <\/div>\n                <\/div>\n              <\/div>\n            <\/div>\n          <\/div>\n          <div class=\"h-column h-column-container d-flex h-col-lg-auto h-col-md-auto h-col-auto style-775-outer style-local-1877-c6-outer\">\n            <div data-colibri-id=\"1877-c6\" class=\"d-flex h-flex-basis h-column__inner h-px-lg-2 h-px-md-2 h-px-2 v-inner-lg-2 v-inner-md-2 v-inner-2 style-775 style-local-1877-c6 position-relative\">\n              <!---->\n              <!---->\n              <div class=\"w-100 h-y-container h-column__content h-column__v-align flex-basis-100 align-self-lg-start align-self-md-start align-self-start\">\n                <!---->\n                <div data-colibri-id=\"1877-c7\" class=\"h-text h-text-component style-776 style-local-1877-c7 position-relative h-element\">\n                  <!---->\n                  <!---->\n                  <div class=\"\">\n                    <p>Le massage m\u00e9tamorphique est&nbsp;<strong>une pratique \u00e9nerg\u00e9tique douce<\/strong>, destin\u00e9e \u00e0 lib\u00e9rer les blocages \u00e9motionnels et les sch\u00e9mas inconscients. Il repose sur la stimulation de&nbsp;<strong>la zone r\u00e9flexe de la colonne vert\u00e9brale<\/strong>,\n                      ce qui en fait une pratique appartenant \u00e9galement \u00e0 la r\u00e9flexologie. Le massage se r\u00e9alise \u00e0 travers de&nbsp;<strong>lents effleurements<\/strong>&nbsp;au niveau des pieds, des mains et de la t\u00eate. Les gestes sont r\u00e9p\u00e9titifs, enveloppants\n                      et respectueux, invitant le corps et l\u2019esprit \u00e0 un profond l\u00e2cher-prise.<\/p>\n                    <p>Cette zone r\u00e9flexe est associ\u00e9e \u00e0 la&nbsp;<strong>m\u00e9moire cellulaire<\/strong>. En la stimulant, certaines personnes peuvent prendre conscience de souvenirs anciens ou de ressentis enfouis, tandis que d\u2019autres vivent simplement un moment\n                      de d\u00e9tente profonde. Le massage m\u00e9tamorphique favorise un&nbsp;<strong>\u00e9veil de la conscience<\/strong>, \u00e0 l\u2019origine d\u2019un processus de transformation int\u00e9rieure.<\/p>\n                  <\/div>\n                <\/div>\n              <\/div>\n            <\/div>\n          <\/div>\n        <\/div>\n      <\/div>\n    <\/div>\n  <\/div>\n  <div data-colibri-component=\"section\" data-colibri-id=\"1877-c8\" id=\"custom\" class=\"h-section h-section-global-spacing d-flex align-items-lg-center align-items-md-center align-items-center style-778 style-local-1877-c8 position-relative\">\n    <!---->\n    <!---->\n    <div class=\"h-section-grid-container h-section-boxed-container\">\n      <!---->\n      <div data-colibri-id=\"1877-c9\" class=\"h-row-container gutters-row-lg-2 gutters-row-md-2 gutters-row-0 gutters-row-v-lg-2 gutters-row-v-md-2 gutters-row-v-2 style-779 style-local-1877-c9 position-relative\">\n        <!---->\n        <div class=\"h-row justify-content-lg-center justify-content-md-center justify-content-center align-items-lg-stretch align-items-md-stretch align-items-stretch gutters-col-lg-2 gutters-col-md-2 gutters-col-0 gutters-col-v-lg-2 gutters-col-v-md-2 gutters-col-v-2\">\n          <!---->\n          <div class=\"h-column h-column-container d-flex h-col-lg-auto h-col-md-auto h-col-auto style-780-outer style-local-1877-c10-outer\">\n            <div data-colibri-id=\"1877-c10\" class=\"d-flex h-flex-basis h-column__inner h-px-lg-2 h-px-md-2 h-px-2 v-inner-lg-2 v-inner-md-2 v-inner-2 style-780 style-local-1877-c10 position-relative\">\n              <!---->\n              <!---->\n              <div class=\"w-100 h-y-container h-column__content h-column__v-align flex-basis-100 align-self-lg-start align-self-md-start align-self-start\">\n                <!---->\n                <div data-colibri-id=\"1877-c11\" class=\"h-global-transition-all h-heading style-782 style-local-1877-c11 position-relative h-element\">\n                  <!---->\n                  <div class=\"h-heading__outer style-782 style-local-1877-c11\">\n                    <!---->\n                    <!---->\n                    <h4 class=\"\">Comment se passe une s\u00e9ance ?<\/h4>\n                  <\/div>\n                <\/div>\n                <div data-colibri-id=\"1877-c12\" class=\"h-text h-text-component style-783 style-local-1877-c12 position-relative h-element\">\n                  <!---->\n                  <!---->\n                  <div class=\"\">\n                    <h3><span style=\"color: rgb(60, 65, 84); font-family: Alegreya; font-size: 17px;\">Aucune pr\u00e9paration particuli\u00e8re n\u2019est n\u00e9cessaire.<\/span><\/h3>\n                    <p>Il est simplement recommand\u00e9 de venir&nbsp;<strong>sans attente pr\u00e9cise<\/strong>, sans chercher un r\u00e9sultat imm\u00e9diat. Les transformations peuvent \u00e9merger progressivement, parfois bien apr\u00e8s la s\u00e9ance.<\/p>\n                    <p>\n                      <br>\n                    <\/p>\n                    <p>La s\u00e9ance se d\u00e9roule&nbsp;<strong>habill\u00e9<\/strong>.<\/p>\n                    <ul>\n                      <li>Vous \u00eates allong\u00e9(e) durant les passages sur les pieds et les mains<\/li>\n                      <li>Puis assis(e) pour le massage de la t\u00eate<\/li>\n                    <\/ul>\n                    <p>Pendant la s\u00e9ance, vous \u00eates libre de dormir, de parler, de pleurer ou simplement de ressentir. Certaines personnes per\u00e7oivent des images ou des sensations, d\u2019autres non : toutes les exp\u00e9riences sont justes.<\/p>\n                    <p>\n                      <br>\n                    <\/p>\n                    <p>Un temps est pr\u00e9vu apr\u00e8s le massage pour revenir tranquillement \u00e0 vous.\n                      <br>Des mouchoirs sont \u00e0 disposition (car cela peut parfois remuer), ainsi qu\u2019une&nbsp;<strong>\u00e9coute attentive<\/strong>&nbsp;si vous souhaitez \u00e9changer sur votre ressenti.<\/p>\n                    <p>Les effets peuvent \u00eatre imm\u00e9diats, diff\u00e9r\u00e9s ou tr\u00e8s subtils. Certains changements peuvent appara\u00eetre plusieurs semaines, voire plusieurs mois apr\u00e8s la s\u00e9ance.<\/p>\n                    <p>\n                      <br>\n                    <\/p>\n                    <p>Il est g\u00e9n\u00e9ralement conseill\u00e9 de r\u00e9aliser&nbsp;<strong>3 s\u00e9ances sur une p\u00e9riode relativement courte<\/strong>, par exemple :<\/p>\n                    <ul>\n                      <li>une s\u00e9ance par semaine pendant 3 semaines<\/li>\n                      <li>ou une s\u00e9ance tous les 10 jours<\/li>\n                    <\/ul>\n                    <p>Vous pouvez choisir de faire une seule s\u00e9ance bien entendu<\/p>\n                    <p>Chaque parcours est personnel et s\u2019adapte \u00e0 vos besoins.<\/p>\n                    <p>\n                      <br>\n                    <\/p>\n                  <\/div>\n                <\/div>\n              <\/div>\n            <\/div>\n          <\/div>\n          <div class=\"h-column h-column-container d-flex h-col-lg-auto h-col-md-auto h-col-auto style-781-outer style-local-1877-c13-outer\">\n            <div data-colibri-id=\"1877-c13\" class=\"d-flex h-flex-basis h-column__inner h-px-lg-2 h-px-md-2 h-px-2 v-inner-lg-2 v-inner-md-2 v-inner-2 style-781 style-local-1877-c13 position-relative\">\n              <!---->\n              <!---->\n              <div class=\"w-100 h-y-container h-column__content h-column__v-align flex-basis-100 align-self-lg-start align-self-md-start align-self-start\">\n                <!---->\n                <div data-colibri-id=\"1877-c14\" class=\"h-global-transition-all h-heading style-784 style-local-1877-c14 position-relative h-element\">\n                  <!---->\n                  <div class=\"h-heading__outer style-784 style-local-1877-c14\">\n                    <!---->\n                    <!---->\n                    <h4 class=\"\">CONTRE-INDICATIONS<\/h4>\n                  <\/div>\n                <\/div>\n                <div data-colibri-id=\"1877-c15\" class=\"h-text h-text-component style-788 style-local-1877-c15 position-relative h-element\">\n                  <!---->\n                  <!---->\n                  <div class=\"\">\n                    <p>En raison de sa grande douceur,&nbsp;<strong>il n\u2019existe aucune contre-indication<\/strong>&nbsp;au massage m\u00e9tamorphique<\/p>\n                  <\/div>\n                <\/div>\n                <div data-colibri-id=\"1877-c16\" class=\"h-global-transition-all h-heading style-789 style-local-1877-c16 position-relative h-element\">\n                  <!---->\n                  <div class=\"h-heading__outer style-789 style-local-1877-c16\">\n                    <!---->\n                    <!---->\n                    <h4 class=\"\">Les infos en +<\/h4>\n                  <\/div>\n                <\/div>\n                <div data-colibri-id=\"1877-c17\" class=\"h-text h-text-component style-790 style-local-1877-c17 position-relative h-element\">\n                  <!---->\n                  <!---->\n                  <div class=\"\">\n                    <p>DUR\u00c9E:<\/p>\n                    <p>Le massage dure environ 50 minutes. Le cr\u00e9neau total est de 1h20<\/p>\n                  <\/div>\n                <\/div>\n                <div data-colibri-id=\"1877-c18\" class=\"h-text h-text-component style-791 style-local-1877-c18 position-relative h-element\">\n                  <!---->\n                  <!---->\n                  <div class=\"\">\n                    <p>TARIF: 50 euros<\/p>\n                    <p>Forfait 3 s\u00e9ances: 120 euros<\/p>\n                  <\/div>\n                <\/div>\n              <\/div>\n            <\/div>\n          <\/div>\n        <\/div>\n      <\/div>\n      <div data-colibri-id=\"1877-c19\" class=\"h-row-container gutters-row-lg-2 gutters-row-md-2 gutters-row-0 gutters-row-v-lg-2 gutters-row-v-md-2 gutters-row-v-2 style-1085 style-local-1877-c19 position-relative\">\n        <!---->\n        <div class=\"h-row justify-content-lg-center justify-content-md-center justify-content-center align-items-lg-stretch align-items-md-stretch align-items-stretch gutters-col-lg-2 gutters-col-md-2 gutters-col-0 gutters-col-v-lg-2 gutters-col-v-md-2 gutters-col-v-2\">\n          <!---->\n          <div class=\"h-column h-column-container d-flex h-col-lg-auto h-col-md-auto h-col-auto style-1086-outer style-local-1877-c20-outer\">\n            <div data-colibri-id=\"1877-c20\" class=\"d-flex h-flex-basis h-column__inner h-px-lg-2 h-px-md-2 h-px-2 v-inner-lg-2 v-inner-md-2 v-inner-2 style-1086 style-local-1877-c20 position-relative\">\n              <!---->\n              <!---->\n              <div class=\"w-100 h-y-container h-column__content h-column__v-align flex-basis-100 align-self-lg-start align-self-md-start align-self-start\">\n                <!---->\n                <div data-colibri-id=\"1877-c21\" class=\"h-x-container style-1087 style-local-1877-c21 position-relative h-element\">\n                  <!---->\n                  <div class=\"h-x-container-inner style-dynamic-1877-c21-group style-1087-spacing style-local-1877-c21-spacing\"><span class=\"h-button__outer style-1088-outer style-local-1877-c22-outer d-inline-flex h-element\"><a h-use-smooth-scroll=\"true\" href=\"https:\/\/www.resalib.fr\/praticien\/95184-lucie-maillochaud-lumahina-bien-etre-reflexologue-vezeronce-curtin\"  data-colibri-id=\"1877-c22\" class=\"d-flex w-100 align-items-center h-button justify-content-lg-center justify-content-md-center justify-content-center style-1088 style-local-1877-c22 position-relative\"><!----><!----> <span>Je prends RDv pour un massage m\u00e9tamorphique<\/span><\/a>\n                    <\/span>\n                  <\/div>\n                <\/div>\n              <\/div>\n            <\/div>\n          <\/div>\n        <\/div>\n      <\/div>\n    <\/div>\n  <\/div>\n  <div data-colibri-component=\"section\" data-colibri-id=\"1877-c23\" id=\"custom-3\" class=\"h-section h-section-global-spacing d-flex align-items-lg-center align-items-md-center align-items-center style-1082 style-local-1877-c23 position-relative\">\n    <!---->\n    <!---->\n    <div class=\"h-section-grid-container h-section-boxed-container\">\n      <!---->\n      <div data-colibri-id=\"1877-c24\" class=\"h-row-container gutters-row-lg-2 gutters-row-md-2 gutters-row-0 gutters-row-v-lg-2 gutters-row-v-md-2 gutters-row-v-2 style-1083 style-local-1877-c24 position-relative\">\n        <!---->\n        <div class=\"h-row justify-content-lg-center justify-content-md-center justify-content-center align-items-lg-stretch align-items-md-stretch align-items-stretch gutters-col-lg-2 gutters-col-md-2 gutters-col-0 gutters-col-v-lg-2 gutters-col-v-md-2 gutters-col-v-2\">\n          <!---->\n          <div class=\"h-column h-column-container d-flex h-col-lg-auto h-col-md-auto h-col-auto style-1084-outer style-local-1877-c25-outer\">\n            <div data-colibri-id=\"1877-c25\" class=\"d-flex h-flex-basis h-column__inner h-ui-empty-state-container h-px-lg-2 h-px-md-2 h-px-2 v-inner-lg-2 v-inner-md-2 v-inner-2 style-1084 style-local-1877-c25 position-relative\">\n              <!---->\n              <!---->\n              <div class=\"w-100 h-y-container h-column__content h-column__v-align flex-basis-100\">\n                <!---->\n              <\/div>\n            <\/div>\n          <\/div>\n        <\/div>\n      <\/div>\n    <\/div>\n  <\/div>\n<\/div>","protected":false},"excerpt":{"rendered":"<p>Le massage m\u00e9tamorphique est&nbsp;une pratique \u00e9nerg\u00e9tique douce, destin\u00e9e \u00e0 lib\u00e9rer les blocages \u00e9motionnels et les sch\u00e9mas inconscients. Il repose sur la stimulation de&nbsp;la zone r\u00e9flexe de la colonne vert\u00e9brale, ce qui en fait une pratique appartenant \u00e9galement \u00e0 la r\u00e9flexologie. Le massage se r\u00e9alise \u00e0 travers de&nbsp;lents effleurements&nbsp;au niveau des pieds, des mains et de [&hellip;]<\/p>\n","protected":false},"author":1,"featured_media":0,"parent":0,"menu_order":0,"comment_status":"closed","ping_status":"closed","template":"page-templates\/full-width-page.php","meta":{"slim_seo":{"title":"Massage m\u00e9tamorphique - LuMahina Bien-\u00eatre","description":"Le massage m\u00e9tamorphique est&nbsp; une pratique \u00e9nerg\u00e9tique douce , destin\u00e9e \u00e0 lib\u00e9rer les blocages \u00e9motionnels et les sch\u00e9mas inconscients. Il repose sur la st"},"footnotes":""},"class_list":["post-1877","page","type-page","status-publish","hentry"],"_links":{"self":[{"href":"https:\/\/lumahina-bien-etre.fr\/index.php\/wp-json\/wp\/v2\/pages\/1877","targetHints":{"allow":["GET"]}}],"collection":[{"href":"https:\/\/lumahina-bien-etre.fr\/index.php\/wp-json\/wp\/v2\/pages"}],"about":[{"href":"https:\/\/lumahina-bien-etre.fr\/index.php\/wp-json\/wp\/v2\/types\/page"}],"author":[{"embeddable":true,"href":"https:\/\/lumahina-bien-etre.fr\/index.php\/wp-json\/wp\/v2\/users\/1"}],"replies":[{"embeddable":true,"href":"https:\/\/lumahina-bien-etre.fr\/index.php\/wp-json\/wp\/v2\/comments?post=1877"}],"version-history":[{"count":7,"href":"https:\/\/lumahina-bien-etre.fr\/index.php\/wp-json\/wp\/v2\/pages\/1877\/revisions"}],"predecessor-version":[{"id":2786,"href":"https:\/\/lumahina-bien-etre.fr\/index.php\/wp-json\/wp\/v2\/pages\/1877\/revisions\/2786"}],"wp:attachment":[{"href":"https:\/\/lumahina-bien-etre.fr\/index.php\/wp-json\/wp\/v2\/media?parent=1877"}],"curies":[{"name":"wp","href":"https:\/\/api.w.org\/{rel}","templated":true}]}}