{"id":1980,"date":"2026-01-20T10:50:56","date_gmt":"2026-01-20T09:50:56","guid":{"rendered":"https:\/\/lumahina-bien-etre.fr\/index.php\/faq\/"},"modified":"2026-01-26T17:19:55","modified_gmt":"2026-01-26T16:19:55","slug":"faq","status":"publish","type":"page","link":"https:\/\/lumahina-bien-etre.fr\/index.php\/faq\/","title":{"rendered":"FAQ"},"content":{"rendered":"<div data-colibri-id=\"1980-c1\" class=\"style-858 style-local-1980-c1 position-relative\">\n  <!---->\n  <div data-colibri-component=\"section\" data-colibri-id=\"1980-c2\" id=\"custom\" class=\"h-section h-section-global-spacing d-flex align-items-lg-center align-items-md-center align-items-center style-859 style-local-1980-c2 position-relative\">\n    <!---->\n    <!---->\n    <div class=\"h-section-grid-container h-section-boxed-container\">\n      <!---->\n      <div data-colibri-id=\"1980-c3\" class=\"h-row-container gutters-row-lg-2 gutters-row-md-2 gutters-row-0 gutters-row-v-lg-2 gutters-row-v-md-2 gutters-row-v-2 style-860 style-local-1980-c3 position-relative\">\n        <!---->\n        <div class=\"h-row justify-content-lg-center justify-content-md-center justify-content-center align-items-lg-stretch align-items-md-stretch align-items-stretch gutters-col-lg-2 gutters-col-md-2 gutters-col-0 gutters-col-v-lg-2 gutters-col-v-md-2 gutters-col-v-2\">\n          <!---->\n          <div class=\"h-column h-column-container d-flex h-col-lg-auto h-col-md-auto h-col-auto style-861-outer style-local-1980-c4-outer\">\n            <div data-colibri-id=\"1980-c4\" class=\"d-flex h-flex-basis h-column__inner h-px-lg-2 h-px-md-2 h-px-2 v-inner-lg-2 v-inner-md-2 v-inner-2 style-861 style-local-1980-c4 position-relative\">\n              <!---->\n              <!---->\n              <div class=\"w-100 h-y-container h-column__content h-column__v-align flex-basis-100 align-self-lg-start align-self-md-start align-self-start\">\n                <!---->\n                <div data-colibri-id=\"1980-c5\" class=\"h-global-transition-all h-heading style-866 style-local-1980-c5 position-relative h-element\">\n                  <!---->\n                  <div class=\"h-heading__outer style-866 style-local-1980-c5\">\n                    <!---->\n                    <!---->\n                    <h4 class=\"\">Les s\u00e9ances sont-elles adapt\u00e9es aux femmes enceintes ?<\/h4>\n                  <\/div>\n                <\/div>\n                <div data-colibri-id=\"1980-c6\" class=\"h-text h-text-component style-873 style-local-1980-c6 position-relative h-element\">\n                  <!---->\n                  <!---->\n                  <div class=\"\">\n                    <p>Oui. Les s\u00e9ances propos\u00e9es sont adapt\u00e9es aux femmes enceintes et allaitantes. Ma formation en r\u00e9flexologie p\u00e9rinatale m\u2019a permis d\u2019acqu\u00e9rir des protocoles sp\u00e9cifiques et un toucher adapt\u00e9, respectueux des zones r\u00e9flexes \u00e0 stimuler\n                      comme de celles \u00e0 \u00e9viter, afin d\u2019accompagner les femmes enceintes avec s\u00e9curit\u00e9, douceur et s\u00e9r\u00e9nit\u00e9. <\/p>\n                    <p>J\u2019utilise uniquement des huiles v\u00e9g\u00e9tales naturelles, sans huiles essentielles, afin de garantir une pratique s\u00e9curis\u00e9e.<\/p>\n                    <p>En cas de doute ou de pathologie particuli\u00e8re, il est conseill\u00e9 de demander l\u2019avis de votre professionnel de sant\u00e9.<\/p>\n                    <p>\n                      <br>\n                    <\/p>\n                  <\/div>\n                <\/div>\n                <div data-colibri-id=\"1980-c7\" class=\"h-global-transition-all h-heading style-885 style-local-1980-c7 position-relative h-element\">\n                  <!---->\n                  <div class=\"h-heading__outer style-885 style-local-1980-c7\">\n                    <!---->\n                    <!---->\n                    <h4 class=\"\">Je suis une femme avec une corpulence forte, puis-je venir en toute s\u00e9curit\u00e9 ?<\/h4>\n                  <\/div>\n                <\/div>\n                <div data-colibri-id=\"1980-c8\" class=\"h-text h-text-component style-886 style-local-1980-c8 position-relative h-element\">\n                  <!---->\n                  <!---->\n                  <div class=\"\">\n                    <ul>\n                      <li>Oui, bien s\u00fbr. Chez LuMahina Bien-\u00eatre, chaque femme est accueillie avec respect et bienveillance, quelle que soit sa morphologie.\n                        <br> Le cabinet est \u00e9quip\u00e9 d\u2019une <strong>table de massage adapt\u00e9e<\/strong>, <strong>large et robuste&nbsp; (<\/strong><span style=\"font-size: 10pt; font-family: inherit;\">R\u00e9sistance au travail 300 kg, statique 1500 kg<\/span>) , con\u00e7ue\n                        pour garantir <strong>confort, stabilit\u00e9 et s\u00e9curit\u00e9<\/strong>, afin que vous puissiez profiter pleinement de votre s\u00e9ance en toute s\u00e9r\u00e9nit\u00e9.<\/li>\n                    <\/ul>\n                    <p>\n                      <br>\n                    <\/p>\n                  <\/div>\n                <\/div>\n                <div data-colibri-id=\"1980-c9\" class=\"h-global-transition-all h-heading style-876 style-local-1980-c9 position-relative h-element\">\n                  <!---->\n                  <div class=\"h-heading__outer style-876 style-local-1980-c9\">\n                    <!---->\n                    <!---->\n                    <h4 class=\"\">Je suis un homme, puis-je consulter chez LuMahina Bien-\u00eatre ?<\/h4>\n                  <\/div>\n                <\/div>\n                <div data-colibri-id=\"1980-c10\" class=\"h-text h-text-component style-877 style-local-1980-c10 position-relative h-element\">\n                  <!---->\n                  <!---->\n                  <div class=\"\">\n                    <p>LuMahina Bien-\u00eatre est un espace principalement d\u00e9di\u00e9 \u00e0 l\u2019accompagnement du <strong>bien-\u00eatre f\u00e9minin<\/strong>.\n                      <br> Cependant, les hommes peuvent \u00eatre accueillis <strong>sous certaines conditions<\/strong> :<\/p>\n                    <ul>\n                      <li>dans le cadre d\u2019un <strong>projet b\u00e9b\u00e9<\/strong>, notamment en cas d\u2019<strong>infertilit\u00e9 inexpliqu\u00e9e<\/strong>, pour un accompagnement par la r\u00e9flexologie \u00ab\u00a0p\u00e9rinatale\u00a0\u00bb ;<\/li>\n                      <li>pour une <strong>s\u00e9ance de r\u00e9flexologie bien-\u00eatre<\/strong>, sur recommandation (par exemple, conjoint d\u2019une cliente d\u00e9j\u00e0 suivie).<\/li>\n                    <\/ul>\n                    <p>Chaque demande est \u00e9tudi\u00e9e au cas par cas, dans le respect du cadre, des valeurs et de l\u2019intention de l\u2019accompagnement propos\u00e9.<\/p>\n                    <p>\n                      <br>\n                    <\/p>\n                  <\/div>\n                <\/div>\n                <div data-colibri-id=\"1980-c11\" class=\"h-global-transition-all h-heading style-874 style-local-1980-c11 position-relative h-element\">\n                  <!---->\n                  <div class=\"h-heading__outer style-874 style-local-1980-c11\">\n                    <!---->\n                    <!---->\n                    <h4 class=\"\">Dois-je avoir une probl\u00e9matique pr\u00e9cise pour consulter ?<\/h4>\n                  <\/div>\n                <\/div>\n                <div data-colibri-id=\"1980-c12\" class=\"h-text h-text-component style-875 style-local-1980-c12 position-relative h-element\">\n                  <!---->\n                  <!---->\n                  <div class=\"\">\n                    <p>Non. Vous pouvez venir simplement pour un moment de d\u00e9tente, pour rel\u00e2cher le stress, la charge mentale ou prendre du temps pour vous. Les s\u00e9ances sont personnalis\u00e9es selon vos besoins du moment.<\/p>\n                    <p>\n                      <br>\n                    <\/p>\n                  <\/div>\n                <\/div>\n                <div data-colibri-id=\"1980-c13\" class=\"h-global-transition-all h-heading style-908 style-local-1980-c13 position-relative h-element\">\n                  <!---->\n                  <div class=\"h-heading__outer style-908 style-local-1980-c13\">\n                    <!---->\n                    <!---->\n                    <h4 class=\"\">Comment choisir le type de consultation en r\u00e9flexologie chez LuMahina Bien-\u00eatre ?<\/h4>\n                  <\/div>\n                <\/div>\n                <div data-colibri-id=\"1980-c14\" class=\"h-text h-text-component style-909 style-local-1980-c14 position-relative h-element\">\n                  <!---->\n                  <!---->\n                  <div class=\"\">\n                    <p><strong>R\u00e9flexologie \u00ab bien-\u00eatre \u00bb<\/strong>\n                      <br>Id\u00e9ale pour un moment de d\u00e9tente et de relaxation, sans attente particuli\u00e8re autre que le l\u00e2cher-prise.<\/p>\n                    <p><strong>R\u00e9flexologie \u00ab douleurs chroniques \u00bb<\/strong>\n                      <br>Destin\u00e9e \u00e0 une probl\u00e9matique pr\u00e9cise ou \u00e0 une douleur install\u00e9e dans le temps\n                      <br>(exemples : endom\u00e9triose, troubles du cycle menstruel, syndrome pr\u00e9menstruel, m\u00e9nopause, stress, anxi\u00e9t\u00e9, troubles alimentaires, migraines, troubles digestifs, etc.).<\/p>\n                    <p><strong>R\u00e9flexologie \u00ab p\u00e9rinatale \u00bb<\/strong>\n                      <br>Pour toute probl\u00e9matique li\u00e9e \u00e0 la p\u00e9riode de p\u00e9rinatalit\u00e9\n                      <br>(exemples : projet b\u00e9b\u00e9, maux de grossesse, perte de b\u00e9b\u00e9, aide avant d\u00e9clenchement, b\u00e9b\u00e9 en si\u00e8ge, troubles de l\u2019allaitement, r\u00e9cup\u00e9ration post-accouchement, etc.).<\/p>\n                    <p><strong>Atelier R\u00e9flexo-Accouchement<\/strong>\n                      <br>Un atelier destin\u00e9 \u00e0 la future maman et \u00e0 la personne qui l\u2019accompagnera le jour de l\u2019accouchement (conjoint(e), proche, ami(e), membre de la famille\u2026).\n                      <br>L\u2019objectif est de transmettre des gestes simples de r\u00e9flexologie \u00e0 pratiquer avant et pendant l\u2019accouchement afin de favoriser la d\u00e9tente et le soulagement de la future maman.<\/p>\n                    <p><strong>Massage m\u00e9tamorphique<\/strong><\/p>\n                    <p>C\u2019est une technique douce m\u00ealant la r\u00e9flexologie et un soin \u00e9nerg\u00e9tique, qui agit sur la m\u00e9moire \u00e9motionnelle, en stimulant des zones r\u00e9flexes des pieds, des mains et de la t\u00eate, afin de favoriser la lib\u00e9ration de blocages profonds\n                      et accompagner les changements personnels en douceur.<\/p>\n                    <p>\n                      <br>\n                    <\/p>\n                  <\/div>\n                <\/div>\n                <div data-colibri-id=\"1980-c15\" class=\"h-global-transition-all h-heading style-878 style-local-1980-c15 position-relative h-element\">\n                  <!---->\n                  <div class=\"h-heading__outer style-878 style-local-1980-c15\">\n                    <!---->\n                    <!---->\n                    <h4 class=\"\">Prenez-vous des notes pendant les s\u00e9ances ?<\/h4>\n                  <\/div>\n                <\/div>\n                <div data-colibri-id=\"1980-c16\" class=\"h-text h-text-component style-879 style-local-1980-c16 position-relative h-element\">\n                  <!---->\n                  <!---->\n                  <div class=\"\">\n                    <p>Oui. Lors de nos \u00e9changes, je peux prendre des notes confidentielles concernant votre histoire et vos ressentis, uniquement dans le but d\u2019assurer un accompagnement personnalis\u00e9 et coh\u00e9rent. Ces informations sont strictement confidentielles.<\/p>\n                    <p>\n                      <br>\n                    <\/p>\n                  <\/div>\n                <\/div>\n                <div data-colibri-id=\"1980-c17\" class=\"h-global-transition-all h-heading style-880 style-local-1980-c17 position-relative h-element\">\n                  <!---->\n                  <div class=\"h-heading__outer style-880 style-local-1980-c17\">\n                    <!---->\n                    <!---->\n                    <h4 class=\"\">Les s\u00e9ances remplacent-elles un suivi m\u00e9dical ?<\/h4>\n                  <\/div>\n                <\/div>\n                <div data-colibri-id=\"1980-c18\" class=\"h-text h-text-component style-881 style-local-1980-c18 position-relative h-element\">\n                  <!---->\n                  <!---->\n                  <div class=\"\">\n                    <p>Non. Les s\u00e9ances de r\u00e9flexologie et de massage bien-\u00eatre n\u2019ont aucune vis\u00e9e m\u00e9dicale et ne remplacent pas un suivi ou un traitement m\u00e9dical. Elles s\u2019inscrivent dans une d\u00e9marche de bien-\u00eatre compl\u00e9mentaire.<\/p>\n                  <\/div>\n                <\/div>\n              <\/div>\n            <\/div>\n          <\/div>\n        <\/div>\n      <\/div>\n    <\/div>\n  <\/div>\n  <div data-colibri-component=\"section\" data-colibri-id=\"1980-c19\" id=\"custom-2\" class=\"h-section h-section-global-spacing d-flex align-items-lg-center align-items-md-center align-items-center style-870 style-local-1980-c19 position-relative\">\n    <!---->\n    <!---->\n    <div class=\"h-section-grid-container h-section-boxed-container\">\n      <!---->\n      <div data-colibri-id=\"1980-c20\" class=\"h-row-container gutters-row-lg-2 gutters-row-md-2 gutters-row-0 gutters-row-v-lg-2 gutters-row-v-md-2 gutters-row-v-2 style-910 style-local-1980-c20 position-relative\">\n        <!---->\n        <div class=\"h-row justify-content-lg-center justify-content-md-center justify-content-center align-items-lg-stretch align-items-md-stretch align-items-stretch gutters-col-lg-2 gutters-col-md-2 gutters-col-0 gutters-col-v-lg-2 gutters-col-v-md-2 gutters-col-v-2\">\n          <!---->\n          <div class=\"h-column h-column-container d-flex h-col-lg-auto h-col-md-auto h-col-auto style-911-outer style-local-1980-c21-outer\">\n            <div data-colibri-id=\"1980-c21\" class=\"d-flex h-flex-basis h-column__inner h-px-lg-2 h-px-md-2 h-px-2 v-inner-lg-2 v-inner-md-2 v-inner-2 style-911 style-local-1980-c21 position-relative\">\n              <!---->\n              <!---->\n              <div class=\"w-100 h-y-container h-column__content h-column__v-align flex-basis-100 align-self-lg-start align-self-md-start align-self-start\">\n                <!---->\n                <div data-colibri-id=\"1980-c22\" class=\"h-global-transition-all h-heading style-912 style-local-1980-c22 position-relative h-element\">\n                  <!---->\n                  <div class=\"h-heading__outer style-912 style-local-1980-c22\">\n                    <!---->\n                    <!---->\n                    <h3 class=\"\">D&rsquo;autres questions ?\n                      <br>N&rsquo;h\u00e9sitez pas \u00e0 m&rsquo;appeler ou m&rsquo;envoyer un mail \/ message !<\/h3>\n                  <\/div>\n                <\/div>\n                <div data-colibri-id=\"1980-c23\" class=\"h-x-container style-913 style-local-1980-c23 position-relative h-element\">\n                  <!---->\n                  <div class=\"h-x-container-inner style-dynamic-1980-c23-group style-913-spacing style-local-1980-c23-spacing\"><span class=\"h-button__outer style-914-outer style-local-1980-c24-outer d-inline-flex h-element\"><a h-use-smooth-scroll=\"true\" href=\"https:\/\/lumahina-bien-etre.fr\/index.php\/contact\/?customize_changeset_uuid=7b3321e6-2361-46aa-9a6d-bce88bc27876\"  data-colibri-id=\"1980-c24\" class=\"d-flex w-100 align-items-center h-button justify-content-lg-center justify-content-md-center justify-content-center style-914 style-local-1980-c24 position-relative\"><!----><!----> <span>Contactez moi<\/span><\/a>\n                    <\/span>\n                  <\/div>\n                <\/div>\n              <\/div>\n            <\/div>\n          <\/div>\n        <\/div>\n      <\/div>\n    <\/div>\n  <\/div>\n<\/div>","protected":false},"excerpt":{"rendered":"<p>Les s\u00e9ances sont-elles adapt\u00e9es aux femmes enceintes ? Oui. Les s\u00e9ances propos\u00e9es sont adapt\u00e9es aux femmes enceintes et allaitantes. Ma formation en r\u00e9flexologie p\u00e9rinatale m\u2019a permis d\u2019acqu\u00e9rir des protocoles sp\u00e9cifiques et un toucher adapt\u00e9, respectueux des zones r\u00e9flexes \u00e0 stimuler comme de celles \u00e0 \u00e9viter, afin d\u2019accompagner les femmes enceintes avec s\u00e9curit\u00e9, douceur et s\u00e9r\u00e9nit\u00e9. [&hellip;]<\/p>\n","protected":false},"author":1,"featured_media":0,"parent":0,"menu_order":0,"comment_status":"closed","ping_status":"closed","template":"page-templates\/full-width-page.php","meta":{"slim_seo":{"title":"FAQ - LuMahina Bien-\u00eatre","description":"Les s\u00e9ances sont-elles adapt\u00e9es aux femmes enceintes ? Oui. Les s\u00e9ances propos\u00e9es sont adapt\u00e9es aux femmes enceintes et allaitantes. Ma formation en r\u00e9flexologi"},"footnotes":""},"class_list":["post-1980","page","type-page","status-publish","hentry"],"_links":{"self":[{"href":"https:\/\/lumahina-bien-etre.fr\/index.php\/wp-json\/wp\/v2\/pages\/1980","targetHints":{"allow":["GET"]}}],"collection":[{"href":"https:\/\/lumahina-bien-etre.fr\/index.php\/wp-json\/wp\/v2\/pages"}],"about":[{"href":"https:\/\/lumahina-bien-etre.fr\/index.php\/wp-json\/wp\/v2\/types\/page"}],"author":[{"embeddable":true,"href":"https:\/\/lumahina-bien-etre.fr\/index.php\/wp-json\/wp\/v2\/users\/1"}],"replies":[{"embeddable":true,"href":"https:\/\/lumahina-bien-etre.fr\/index.php\/wp-json\/wp\/v2\/comments?post=1980"}],"version-history":[{"count":9,"href":"https:\/\/lumahina-bien-etre.fr\/index.php\/wp-json\/wp\/v2\/pages\/1980\/revisions"}],"predecessor-version":[{"id":2632,"href":"https:\/\/lumahina-bien-etre.fr\/index.php\/wp-json\/wp\/v2\/pages\/1980\/revisions\/2632"}],"wp:attachment":[{"href":"https:\/\/lumahina-bien-etre.fr\/index.php\/wp-json\/wp\/v2\/media?parent=1980"}],"curies":[{"name":"wp","href":"https:\/\/api.w.org\/{rel}","templated":true}]}}